
{"id":1364,"date":"2021-05-02T17:55:15","date_gmt":"2021-05-02T15:55:15","guid":{"rendered":"https:\/\/onlinekurs.seelenklopfen.de\/?post_type=product&#038;p=1364"},"modified":"2026-02-25T17:48:30","modified_gmt":"2026-02-25T16:48:30","slug":"seelenklopfen-onlinekurs-modul-10","status":"publish","type":"product","link":"https:\/\/onlinekurs.seelenklopfen.de\/index.php\/produkt\/seelenklopfen-onlinekurs-modul-10\/","title":{"rendered":"Seelenklopfen Onlinekurs Modul 10"},"content":{"rendered":"<h4 align=\"left\"><span style=\"color: #dd3333;\"><strong>Herzlich willkommen beim Seelenklopfen Onlinekurs!<\/strong><\/span><\/h4>\n<h5 align=\"left\"><strong>Sch\u00f6n, dass Du da bist und mit mir zusammen &#8222;klopfen&#8220; m\u00f6chtest!<\/strong><\/h5>\n<p>&nbsp;<\/p>\n<p align=\"left\"><strong><img loading=\"lazy\" decoding=\"async\" class=\"wp-image-2444 alignleft\" src=\"https:\/\/onlinekurs.seelenklopfen.de\/wp-content\/uploads\/2023\/08\/10-300x300.png\" alt=\"\" width=\"253\" height=\"253\" srcset=\"https:\/\/onlinekurs.seelenklopfen.de\/wp-content\/uploads\/2023\/08\/10-300x300.png 300w, https:\/\/onlinekurs.seelenklopfen.de\/wp-content\/uploads\/2023\/08\/10-1024x1024.png 1024w, https:\/\/onlinekurs.seelenklopfen.de\/wp-content\/uploads\/2023\/08\/10-150x150.png 150w, https:\/\/onlinekurs.seelenklopfen.de\/wp-content\/uploads\/2023\/08\/10-768x768.png 768w, https:\/\/onlinekurs.seelenklopfen.de\/wp-content\/uploads\/2023\/08\/10-1000x1000.png 1000w, https:\/\/onlinekurs.seelenklopfen.de\/wp-content\/uploads\/2023\/08\/10-230x230.png 230w, https:\/\/onlinekurs.seelenklopfen.de\/wp-content\/uploads\/2023\/08\/10-350x350.png 350w, https:\/\/onlinekurs.seelenklopfen.de\/wp-content\/uploads\/2023\/08\/10-480x480.png 480w, https:\/\/onlinekurs.seelenklopfen.de\/wp-content\/uploads\/2023\/08\/10-420x420.png 420w, https:\/\/onlinekurs.seelenklopfen.de\/wp-content\/uploads\/2023\/08\/10-800x800.png 800w, https:\/\/onlinekurs.seelenklopfen.de\/wp-content\/uploads\/2023\/08\/10-100x100.png 100w, https:\/\/onlinekurs.seelenklopfen.de\/wp-content\/uploads\/2023\/08\/10.png 1080w\" sizes=\"auto, (max-width: 253px) 100vw, 253px\" \/><\/strong><\/p>\n<p align=\"left\"><strong>Kannst Du Dich einfach nicht entscheiden, welches Modul Du nehmen sollst? <\/strong><\/p>\n<p align=\"left\"><strong>Hast Du das Gef\u00fchl, dass Du eigentlich alle Themen gut gebrauchen kannst? <\/strong><\/p>\n<p align=\"left\"><strong>Dann ist das zehnte Modul perfekt f\u00fcr Dich, denn es beinhaltet den gesamten Onlinekurs!<br \/>\n<\/strong><\/p>\n<p><span style=\"color: #ff6600;\"><strong>Der Kurs besteht in voller L\u00e4nge von \u00fcber 12 Stunden Videomaterial aus 5 Tutorials und 45 Mitklopfrunden.<\/strong><\/span><\/p>\n<p><span style=\"color: #dd3333;\"><a style=\"color: #dd3333;\" href=\"#disclaimer\"><em>Vor der Bestellung bitte zuerst den Disclaimer lesen!<\/em><\/a><\/span><\/p>\n<p>&nbsp;<\/p>\n<p>&nbsp;<\/p>\n<hr \/>\n<h4><\/h4>\n<h3><strong><span style=\"color: #dd3333;\">Was erwartet Dich im gesamten Onlinekurs?<\/span><br \/>\n<\/strong><\/h3>\n<p>&nbsp;<\/p>\n<h5><strong><img loading=\"lazy\" decoding=\"async\" class=\"wp-image-527 alignleft\" src=\"https:\/\/onlinekurs.seelenklopfen.de\/wp-content\/uploads\/2021\/04\/Sabine-Arme-hoch-300x272.jpg\" alt=\"\" width=\"257\" height=\"233\" srcset=\"https:\/\/onlinekurs.seelenklopfen.de\/wp-content\/uploads\/2021\/04\/Sabine-Arme-hoch-300x272.jpg 300w, https:\/\/onlinekurs.seelenklopfen.de\/wp-content\/uploads\/2021\/04\/Sabine-Arme-hoch-scaled-420x381.jpg 420w, https:\/\/onlinekurs.seelenklopfen.de\/wp-content\/uploads\/2021\/04\/Sabine-Arme-hoch-scaled-800x727.jpg 800w, https:\/\/onlinekurs.seelenklopfen.de\/wp-content\/uploads\/2021\/04\/Sabine-Arme-hoch-1024x930.jpg 1024w, https:\/\/onlinekurs.seelenklopfen.de\/wp-content\/uploads\/2021\/04\/Sabine-Arme-hoch-768x697.jpg 768w, https:\/\/onlinekurs.seelenklopfen.de\/wp-content\/uploads\/2021\/04\/Sabine-Arme-hoch-1536x1395.jpg 1536w, https:\/\/onlinekurs.seelenklopfen.de\/wp-content\/uploads\/2021\/04\/Sabine-Arme-hoch-2048x1860.jpg 2048w, https:\/\/onlinekurs.seelenklopfen.de\/wp-content\/uploads\/2021\/04\/Sabine-Arme-hoch-830x754.jpg 830w, https:\/\/onlinekurs.seelenklopfen.de\/wp-content\/uploads\/2021\/04\/Sabine-Arme-hoch-230x209.jpg 230w, https:\/\/onlinekurs.seelenklopfen.de\/wp-content\/uploads\/2021\/04\/Sabine-Arme-hoch-350x318.jpg 350w, https:\/\/onlinekurs.seelenklopfen.de\/wp-content\/uploads\/2021\/04\/Sabine-Arme-hoch-480x436.jpg 480w\" sizes=\"auto, (max-width: 257px) 100vw, 257px\" \/><\/strong><\/h5>\n<h5><\/h5>\n<p>&nbsp;<\/p>\n<h5><strong>Das Modul 10 erlaubt Dir Zugriff auf s\u00e4mtliche neun Einzelmodule!<\/strong><\/h5>\n<h6><strong>++ Bonus: Vier zus\u00e4tzliche Mitklopfrunden!<\/strong><\/h6>\n<p>&nbsp;<\/p>\n<p>&nbsp;<\/p>\n<h5><\/h5>\n<p>&nbsp;<\/p>\n<h4><span style=\"color: #dd3333;\"><strong>Inhaltsverzeichnis Modul 10:<\/strong><\/span><\/h4>\n<h6 id=\"disclaimer\">Die ersten 5 Videos sind bei allen Modulen gleich, n\u00e4mlich die Erkl\u00e4rungen und Tutorials f\u00fcr Deine Arbeit mit den Klopfvideos:<\/h6>\n<ol>\n<li><strong>Begr\u00fc\u00dfungsvideo<\/strong><\/li>\n<li><strong>Anleitung in 10 Punkten<\/strong><\/li>\n<li><strong>EFT Tutorial<\/strong><\/li>\n<li><strong>Der kinesiologische Muskeltest<\/strong><\/li>\n<li><strong>Meditation: Die Lichtwaschanlage<\/strong><\/li>\n<\/ol>\n<h5><\/h5>\n<hr \/>\n<h5><span lang=\"zxx\"><span style=\"color: #ff6600;\"><strong>Disclaimer: Wichtige Informationen!<\/strong><\/span><br \/>\n<\/span><\/h5>\n<p align=\"left\"><em>Der Kurs ist f\u00fcr Menschen gedacht, die wenig Selbstwertgef\u00fchl haben, evt. unter leichten bis mittelschweren Depressionen, Burnout oder \u00c4ngsten leiden und mit Hilfe von EFT lernen m\u00f6chten, ihre negativen Gedanken- und Verhaltensmuster zu ver\u00e4ndern, ihre belastenden Emotionen zu lindern und sich selbst so zu lieben und zu akzeptieren, wie sie sind.<\/em><\/p>\n<p align=\"left\"><em>Ziel dieses Kurses kann nicht die Heilung von Depressionen sein, sondern das Erlernen der Technik EFT, um damit selbst\u00e4ndig arbeiten zu k\u00f6nnen. Die Teilnahme am Kurs kann eine Psychotherapie oder den Besuch beim Arzt nicht ersetzen.<\/em><\/p>\n<p align=\"left\"><em>Bei schweren psychischen Erkrankungen wie z.B. schweren Depressionen, akuten Psychosen, schweren Zwangssymptomen, schweren Traumatisierungen, Drogenmissbrauch, selbstverletzendem Verhalten, Suizidgedanken, sowie bei schweren k\u00f6rperlichen Erkrankungen ist dieser Selbsthilfekurs NICHT geeignet!!! In diesem Fall ist eine pers\u00f6nliche, ggf. \u00e4rztliche Betreuung unerl\u00e4sslich.<\/em><\/p>\n<p>&nbsp;<\/p>\n<hr \/>\n<h4><\/h4>\n<h5><strong>Darauf folgen 45 Mitklopfrunden aus vier thematischen Bereichen:<\/strong><\/h5>\n<p><span style=\"color: #dd3333;\"><a style=\"color: #dd3333;\" href=\"#A\"><strong>A) Emotionale Themen<\/strong><\/a><\/span><br \/>\n<span style=\"color: #dd3333;\"><a style=\"color: #dd3333;\" href=\"#B\"><strong>B) Depressive Muster<\/strong><\/a><\/span><br \/>\n<span style=\"color: #dd3333;\"><a style=\"color: #dd3333;\" href=\"#C\"><strong>C) Glaubenss\u00e4tze<\/strong><\/a><\/span><br \/>\n<a href=\"#D\"><strong><span style=\"color: #ff6600;\"><span style=\"color: #dd3333;\">D) Selbstsabotage<\/span><\/span><\/strong><\/a><\/p>\n<p>&nbsp;<\/p>\n<p>&nbsp;<\/p>\n<h3>Mitklopfrunden:<\/h3>\n<h4 id=\"A\" class=\"position\"><span style=\"color: #dd3333;\">A) Emotionale Themen<\/span><\/h4>\n<p align=\"left\"><strong>A01 Notfallklopfrunde<\/strong><\/p>\n<p align=\"left\"><strong>A02 Stress &#8211; &#8222;Mir ist gerade alles zu viel!&#8220;<\/strong><\/p>\n<p align=\"left\"><strong>A03 Selbstliebe lernen<\/strong><\/p>\n<p align=\"left\"><strong>A04 St\u00e4ndige Angst und Sorge<\/strong><\/p>\n<p align=\"left\"><strong>A05 Angst vor dem Vulkan verdr\u00e4ngter Gef\u00fchle<\/strong><\/p>\n<p align=\"left\"><strong>A06 Angst vor Verlust<\/strong><\/p>\n<p align=\"left\"><strong>A07 Angst vor schwerer Krankheit<\/strong><\/p>\n<p align=\"left\"><strong>A08 Wut<\/strong><\/p>\n<p align=\"left\"><strong>A09 Scham und Peinlichkeit<\/strong><\/p>\n<p align=\"left\"><strong>A10 Schuld und schlechtes Gewissen<\/strong><\/p>\n<p align=\"left\"><strong>A11 Neid und Missgunst<\/strong><\/p>\n<p align=\"left\"><strong>A12 Traurigkeit<\/strong><\/p>\n<p align=\"left\"><strong>A13 Ohnmacht, Hilflosigkeit, Kleinheit<\/strong><\/p>\n<p align=\"left\"><strong>A14 Antriebslosigkeit<\/strong><\/p>\n<p align=\"left\"><strong>A15 Hoffnungslosigkeit und Sinnlosigkeit<\/strong><\/p>\n<p align=\"left\"><strong>A16 Schmerz(k\u00f6rper) nach Streit oder Kritik<\/strong><\/p>\n<h4><\/h4>\n<p>&nbsp;<\/p>\n<p>&nbsp;<\/p>\n<h4 id=\"B\" class=\"position\"><span style=\"color: #dd3333;\">B) Depressive Muster<\/span><\/h4>\n<p align=\"left\"><strong>B01 Mit R\u00fcckf\u00e4llen umgehen<br \/>\n<\/strong><\/p>\n<p align=\"left\"><strong>B02 Nein sagen lernen<br \/>\n<\/strong><\/p>\n<p align=\"left\"><strong>B03 Entscheidungen treffen<br \/>\n<\/strong><\/p>\n<p align=\"left\"><strong>B04 Verurteilungen und Bewertungen loslassen<br \/>\n<\/strong><\/p>\n<p align=\"left\"><strong>B05 Den eigenen K\u00f6rper lieben lernen<br \/>\n<\/strong><\/p>\n<p align=\"left\"><strong>B06 Schlimme Erinnerungen loslassen<br \/>\n<\/strong><\/p>\n<p align=\"left\"><strong>B07 Aufschieberitis<br \/>\n<\/strong><\/p>\n<p align=\"left\"><strong>B08 Schlafst\u00f6rungen<br \/>\n<\/strong><\/p>\n<p align=\"left\"><strong>B09 S\u00fcchte<br \/>\n<\/strong><\/p>\n<p align=\"left\"><strong>B10 Selbstmitleid<br \/>\n<\/strong><\/p>\n<p align=\"left\"><strong>B11 Zweifel und Pessimismus<br \/>\n<\/strong><\/p>\n<p align=\"left\"><strong>B12 Vertrauen lernen<br \/>\n<\/strong><\/p>\n<p align=\"left\"><strong>B13 Vergebung<br \/>\n<\/strong><\/p>\n<p align=\"left\"><strong>B14 \u00c4rger \u00fcber mich selbst<br \/>\n<\/strong><\/p>\n<h4><\/h4>\n<p>&nbsp;<\/p>\n<p>&nbsp;<\/p>\n<h4 id=\"C\" class=\"position\"><span style=\"color: #dd3333;\">C) Glaubenss\u00e4tze<\/span><\/h4>\n<p align=\"left\"><strong>C01 Glaubenss\u00e4tze transformieren<br \/>\n<\/strong><\/p>\n<p align=\"left\"><strong>C02 &#8222;Ich muss das alles schaffen!&#8220;<br \/>\n<\/strong><\/p>\n<p align=\"left\"><strong>C03 &#8222;Ich darf nicht gl\u00fccklich sein!&#8220;<br \/>\n<\/strong><\/p>\n<p align=\"left\"><strong>C04 &#8222;Ich kann nicht gl\u00fccklich sein!&#8220;<br \/>\n<\/strong><\/p>\n<p align=\"left\"><strong>C05 &#8222;Ich muss perfekt sein!&#8220;<br \/>\n<\/strong><\/p>\n<p align=\"left\"><strong>C06 &#8222;Irgendwas ist falsch an mir!&#8220;<br \/>\n<\/strong><\/p>\n<p align=\"left\"><strong>C07 &#8222;Depressionen sind unheilbar!&#8220;<br \/>\n<\/strong><\/p>\n<h4><\/h4>\n<p>&nbsp;<\/p>\n<p>&nbsp;<\/p>\n<h4 id=\"D\" class=\"position\"><span style=\"color: #dd3333;\">D) Selbstsabotage<\/span><\/h4>\n<p align=\"left\"><strong>D01 Selbstsabotagemuster herausfinden<br \/>\n<\/strong><\/p>\n<p align=\"left\"><strong>D02 Angst vor Ver\u00e4nderung und Identit\u00e4tsverlust<br \/>\n<\/strong><\/p>\n<p align=\"left\"><strong>D03 Angst vor \u00dcberforderung und Leistungsdruck<br \/>\n<\/strong><\/p>\n<p align=\"left\"><strong>D04 Angst, nicht mehr liebgehabt zu werden<br \/>\n<\/strong><\/p>\n<p align=\"left\"><strong>D05 Angst, es nicht verdient zu haben<br \/>\n<\/strong><\/p>\n<p align=\"left\"><strong>D06 Angst vor Sichtbarkeit und Kritik<br \/>\n<\/strong><\/p>\n<p align=\"left\"><strong>D07 Angst vor der eigenen Gr\u00f6\u00dfe<br \/>\n<\/strong><\/p>\n<p align=\"left\"><strong>D08 Wenn Klopfen nicht hilft<\/strong><\/p>\n<p>&nbsp;<\/p>\n<p align=\"left\">\n","protected":false},"excerpt":{"rendered":"<h5><\/h5>\n<table id=\"cart\" class=\"order_table with_product_image with_prices\" style=\"height: 67px;\" width=\"535\">\n<tbody>\n<tr class=\"body product product_bottom \">\n<td class=\"image\">\n<h4><span style=\"color: #dd3333;\"><strong><br \/>\nMODUL 10:\u00a0 &#8222;Der gesamte Onlinekurs&#8220;<\/strong><\/span><\/h4>\n<p>&nbsp;<\/td>\n<td class=\"details\">\n<div class=\"description\">\n<p><span style=\"color: #ff6600;\"><strong>12 Std. Videomaterial zum eigenst\u00e4ndigen Arbeiten mit EFT<\/strong><\/span><\/p>\n<\/div>\n<\/td>\n<\/tr>\n<\/tbody>\n<\/table>\n<p><span style=\"color: #dd3333;\"><a style=\"color: #dd3333;\" href=\"#disclaimer\"><em>Vor der Bestellung bitte zuerst den Disclaimer lesen!<\/em><\/a><\/span><\/p>\n","protected":false},"featured_media":868,"template":"","meta":[],"product_brand":[],"product_cat":[32],"product_tag":[],"class_list":{"0":"post-1364","1":"product","2":"type-product","3":"status-publish","4":"has-post-thumbnail","6":"product_cat-module","8":"first","9":"instock","10":"virtual","11":"purchasable","12":"product-type-simple"},"_links":{"self":[{"href":"https:\/\/onlinekurs.seelenklopfen.de\/index.php\/wp-json\/wp\/v2\/product\/1364","targetHints":{"allow":["GET"]}}],"collection":[{"href":"https:\/\/onlinekurs.seelenklopfen.de\/index.php\/wp-json\/wp\/v2\/product"}],"about":[{"href":"https:\/\/onlinekurs.seelenklopfen.de\/index.php\/wp-json\/wp\/v2\/types\/product"}],"wp:featuredmedia":[{"embeddable":true,"href":"https:\/\/onlinekurs.seelenklopfen.de\/index.php\/wp-json\/wp\/v2\/media\/868"}],"wp:attachment":[{"href":"https:\/\/onlinekurs.seelenklopfen.de\/index.php\/wp-json\/wp\/v2\/media?parent=1364"}],"wp:term":[{"taxonomy":"product_brand","embeddable":true,"href":"https:\/\/onlinekurs.seelenklopfen.de\/index.php\/wp-json\/wp\/v2\/product_brand?post=1364"},{"taxonomy":"product_cat","embeddable":true,"href":"https:\/\/onlinekurs.seelenklopfen.de\/index.php\/wp-json\/wp\/v2\/product_cat?post=1364"},{"taxonomy":"product_tag","embeddable":true,"href":"https:\/\/onlinekurs.seelenklopfen.de\/index.php\/wp-json\/wp\/v2\/product_tag?post=1364"}],"curies":[{"name":"wp","href":"https:\/\/api.w.org\/{rel}","templated":true}]}}